)?
-5
Let l(c) = -135*c + 2721. Determine l(20).
21
Let g(w) = 193*w + 16. Determine g(-1).
-177
Let h(f) = 2*f**3 - 156*f**2 - 657*f + 71. Determine h(82).
-11
Let n(u) = 58*u + 1980. What is n(-34)?
8
Let c(n) = -n**2 - 540*n - 11393. Determine c(-22).
3
Let d(n) = -16*n - 105. Calculate d(1).
-121
Let a(h) = -103*h + 2276. Determine a(22).
10
Let d(a) = 2*a**2 + 130*a - 641. Calculate d(5).
59
Let i(r) = -37*r**3 + 26*r**2 + 29*r + 2. Calculate i(-1).
36
Let c(y) = 22*y + 458. Give c(-27).
-136
Let l(b) = b**2 + 90*b - 34067. Determine l(-235).
8
Let f(x) = 33980*x - 67959. What is f(2)?
1
Let k(q) = 10*q**2 - 75*q + 74. What is k(1)?
9
Let i(g) = g**2 - 9*g - 1. What is i(5)?
-21
Let b(c) = 4308*c + 51671. What is b(-12)?
-25
Let b(p) = p**3 + 22*p**2 + 30*p + 198. Give b(-21).
9
Let p(g) = -2*g**2 + 14*g - 38. Determine p(2).
-18
Let g(y) = 174*y + 106. Determine g(4).
802
Let b(t) = -10*t**2 - 563*t - 2234. Give b(-4).
-142
Let o(g) = -48*g - 2678. Give o(-56).
10
Let r(s) = s**3 + 34*s**2 - 36*s + 47. What is r(-35)?
82
Let r(f) = 28*f**2 + 1138*f + 655. Determine r(-40).
-65
Let h(w) = -101*w + 1010. Calculate h(10).
0
Let b(n) = -n**2 + 928*n - 14586. Give b(16).
6
Let v(r) = -774*r + 10058. Calculate v(13).
-4
Let s(r) = 2*r**2 + 50*r + 298. Determine s(-14).
-10
Let r(w) = -66*w - 208. Determine r(-6).
188
Let c(t) = -3*t**2 - 6*t - 1. What is c(5)?
-106
Let y(w) = 239*w**2 - 5977*w - 3. What is y(25)?
-53
Let u(y) = 2*y**3 - 21*y**2 + 17*y + 90. Calculate u(9).
0
Let q(y) = y**3 + 7*y**2 + 64*y + 346. Determine q(-6).
-2
Let f(x) = 2*x**3 + 50*x**2 + 310*x + 19. Calculate f(-14).
-9
Let x(b) = 18161*b + 90812. Give x(-5).
7
Let g(n) = 177*n + 956. Calculate g(-5).
71
Let c(x) = -x**3 - 48*x**2 - 98*x - 270. Calculate c(-46).
6
Let v(d) = d**2 + 9*d - 132. Calculate v(9).
30
Let r(x) = -4*x**2 - 658*x + 330. What is r(-165)?
0
Let p(b) = -b**2 + 9*b + 45. Give p(-4).
-7
Let k(t) = -94*t - 2915. What is k(-31)?
-1
Let a(g) = g**2 + 90*g + 867. Determine a(-76).
-197
Let u(a) = 168*a + 1731. Give u(-10).
51
Let p(d) = -2667*d - 16054. Give p(-6).
-52
Let s(o) = 13*o**2 - 36*o - 36. Calculate s(3).
-27
Let d(s) = 13*s**2 - 50*s - 13. Give d(4).
-5
Let m(c) = 7*c**3 - 4*c**2 + 32*c + 34. Determine m(-1).
-9
Let r(n) = 633*n**2 + 1296*n + 34. Give r(-2).
-26
Let j(f) = -53*f**2 + f + 542. What is j(0)?
542
Let f(w) = 228*w + 912. Give f(-4).
0
Let n(y) = y**2 - 64*y + 627. Give n(12).
3
Let i(l) = -l**2 - 2*l - 53. Determine i(0).
-53
Let a(t) = -t**3 + 4*t**2 + 9*t + 32. Calculate a(6).
14
Let x(b) = -b**3 + 2*b**2 + b + 11. Calculate x(5).
-59
Let g(t) = -18*t - 425. Give g(-23).
-11
Let u(g) = g**3 + 33*g**2 + 15*g - 65. Calculate u(-33).
-560
Let u(q) = q**3 - 7*q**2 - 92*q + 158. Give u(13).
-24
Let b(h) = -18*h - 267. What is b(-14)?
-15
Let f(d) = -d**2 - 2*d - 18. Calculate f(9).
-117
Let q(r) = -9*r**3 - r**2 - 23*r - 50. What is q(-3)?
253
Let k(j) = -2*j**2 + 22*j + 1. Give k(8).
49
Let k(n) = -n**3 - 11*n**2 - 23*n + 7. Determine k(-4).
-13
Let y(z) = -z**3 - 8*z**2 - 11*z + 22. Give y(-7).
50
Let c(w) = w**2 - 86*w - 2125. Give c(106).
-5
Let w(n) = -n**3 + 8*n**2 + 12*n + 25. Give w(10).
-55
Let j(r) = 2*r**3 + 2*r**2 + 4*r + 2. Calculate j(3).
86
Let s(j) = -5*j**2 - 28*j + 121. Determine s(5).
-144
Let r(t) = -264*t + 5019. Calculate r(19).
3
Let s(r) = 126*r + 1876. Determine s(-15).
-14
Let t(h) = -h**3 + 43*h**2 - 370*h - 61. What is t(31)?
1
Let y(s) = 485*s + 18427. Determine y(-38).
-3
Let y(u) = -33*u**2 - 2575*u - 87. Determine y(-78).
-9
Let m(f) = -4*f**3 - 41*f**2 + 85*f + 5. Give m(-12).
-7
Let a(f) = f**3 + 64*f**2 + 123*f - 55. What is a(-62)?
7
Let v(l) = -l**3 - 82*l**2 - 457*l + 54. Give v(-76).
130
Let f(x) = -2*x**3 + 40*x**2 + x - 18. Give f(20).
2
Let x(g) = -214*g**2 + 648*g - 10. What is x(3)?
8
Let k(j) = -j**2 + 181*j - 7753. Determine k(68).
-69
Let t(l) = -l**3 - 24*l**2 + 73*l - 164. Give t(-27).
52
Let g(p) = -p**3 - 45*p**2 + 144*p + 3. What is g(3)?
3
Let w(k) = -k**3 + 40*k**2 - 252*k - 11. Calculate w(8).
21
Let i(t) = 76*t - 14. What is i(1)?
62
Let i(m) = -m + 3. Determine i(10).
-7
Let v(d) = 2*d**3 - 206*d**2 + 790*d + 225. What is v(99)?
27
Let v(h) = h**2 - 186*h + 7426. Calculate v(58).
2
Let n(i) = -101*i + 34. Determine n(3).
-269
Let j(a) = -92*a**3 + 5*a**2 + a - 6. Give j(-1).
90
Let x(c) = 18*c**2 - 286*c - 327. Give x(17).
13
Let z(i) = 492*i - 3875. Determine z(8).
61
Let v(w) = -w**3 - 14*w**2 + 41*w - 160. Calculate v(-17).
10
Let a(f) = -8*f**2 + 344*f - 338. Give a(42).
-2
Let o(v) = -v**3 - 111*v**2 + 590*v + 1137. Determine o(-116).
-23
Let c(n) = -n**3 - 13*n**2 + 24*n + 35. Calculate c(-11).
-471
Let l(c) = -12*c - 261. Calculate l(-23).
15
Let k(v) = -10*v**2 - 99*v + 225. Determine k(2).
-13
Let v(s) = -s**2 + 46*s - 516. Give v(24).
12
Let b(w) = -10*w**3 + 2*w**2 + 4*w. Determine b(-1).
8
Let x(i) = 4*i**3 + 19*i**2 + 30*i + 21. Determine x(-2).
5
Let i(k) = k**3 + 8*k**2 - 49*k + 66. What is i(-13)?
-142
Let i(m) = -m**2 + 15*m + 1. What is i(24)?
-215
Let d(t) = -2*t**3 - 17*t**2 + 19*t - 10. Determine d(-9).
-100
Let g(c) = 822*c**3 - c**2 + 10*c - 8. Calculate g(1).
823
Let v(c) = -3*c**2 + 716*c - 5313. Give v(231).
0
Let i(k) = -107*k + 454. What is i(5)?
-81
Let m(c) = -c**3 + 54*c**2 - 112*c + 413. Give m(52).
-3
Let w(c) = 11*c**2 - 39*c + 25. What is w(3)?
7
Let c(q) = 4*q**2 + 27*q - 12. Give c(-7).
-5
Let x(d) = -d**2 + 39*d + 801. Determine x(54).
-9
Let o(d) = -d**3 - 2*d**2 - 3*d - 171. Determine o(0).
-171
Let s(r) = 226*r - 95. Calculate s(1).
131
Let b(v) = v**3 + 12*v**2 - 10*v - 324. What is b(-9)?
9
Let k(n) = n**3 - 34*n**2 - 76*n + 62. What is k(36)?
-82
Let j(h) = h**2 + 98*h + 822. What is j(-10)?
-58
Let c(i) = -i**3 - 52*i**2 + 108*i + 4. What is c(-54)?
4
Let m(x) = -x**2 - 87*x - 483. Give m(-6).
3
Let c(d) = d**2 - 22*d + 123. Determine c(8).
11
Let n(v) = -539*v + 22106. Determine n(41).
7
Let m(j) = -j**2 - 127*j + 10474. Calculate m(57).
-14
Let h(b) = b**2 + 54*b - 1793. Give h(-77).
-22
Let f(s) = -35*s**2 - 4*s + 34. Calculate f(1).
-5
Let m(i) = -33*i**2 - 3*i + 13. Calculate m(3).
-293
Let v(x) = 5846*x + 192917. What is v(-33)?
-1
Let i(d) = 4*d**3 + 7*d + 8. What is i(3)?
137
Let m(f) = -7*f**2 - 63*f - 3. Determine m(-6).
123
Let o(u) = -u**2 - 427*u + 2594. What is o(6)?
-4
Let z(r) = 124*r + 134. Give z(-1).
10
Let o(q) = q**2 - 11*q - 50. Calculate o(0).
-50
Let n(k) = k**3 + 27*k**2 - 32*k + 2. What is n(-28)?
114
Let i(s) = -31*s**2 + 2109*s - 59. Calculate i(68).
9
Let k(g) = g**2 + 37*g - 193. Calculate k(-42).
17
Let n(j) = j**3 - 104*j**2 - 1123*j + 175. Determine n(-10).
5
Let d(y) = 13*y**2 + 115*y - 670. Give d(4).
-2
Let q(a) = a**3 + 62*a**2 + 4*a + 257. Determine q(-62).
9
Let a(s) = 24*s - 731. Calculate a(30).
-11
Let t(x) = x**2 - 178*x + 2292. Determine t(14).
-4
Let z(b) = -b**3 - 18*b**2 + 22*b - 5. Calculate z(1).
-2
Let i(f) = -61*f - 273. Calculate i(14).
-1127
Let b(c) = 595*c - 2400. What is b(4)?
-20
Let s(u) = -92*u**2 - 34*u - 31. What is s(-1)?
-89
Let a(t) = 47*t**3 + 5*t**2 + 1. Give a(-2).
-355
Let l(t) = 23*t + 20. Calculate l(-6).
-118
Let n(b) = -19*b - 277. What is n(-2)?
-239
Let p(j) = -2*j**3 + 60*j**2 + 271*j + 35. Calculate p(34).
1
Let k(x) = -x**2 - 84*x + 3137. Calculate k(28).
1
Let i(c) = -26*c + 111. What is i(4)?
7
Let x(i) = -i**3 - 11*i**2 + 30*i + 37. Give x(-13).
-15
Let l(t) = -115*t + 438. Determine l(7).
-367
Let q(l) = -453*l + 9958. What is q(22)?
-8
Let l(r) = 2*r**3 + 67*r**2 - 104*r + 40. Calculate l(-35).
5
Let x(q) = -q**3 - 29*q**2 - 24*q - 54. Determine x(-28).
-166
Let g(p) = p**3 - 7*p**2 - 14*p + 24. Calculate g(10).
184
Let m(f) = -2*f**3 + 55*f**2 - 23*f - 120. What is m(27)?
-12
Let r(m) = m**3 + 4*m**2 + 571*m + 4832. What is r(-8)?
8
Let w(i) = -i**2 + 19*i - 66. Calculate w(3).
-18
Let v(i) = -i**3 - 14*i**2 - 16*i - 54. What is v(-9)?
-315
Let l(d) = -d**3 - 6*d**2 + 74*d + 81. What is l(-8)?
-383
Let b(u) = u**2 + 98*u - 1678. Give b(15).
17
Let c(p) = -p**3 + 18*p**2 - 583. Determine c(16).
-71
Let w(y) = y**3 - 5*y**2 - 64*y - 338. What is w(-6)?
-350
Let l(u) = u**3 + 14*u**2 - 40*u + 138. What is l(-17)?
-49
Let a(g) = 11*g - 68. What is a